 = -8592 - -13259. What is the highest common factor of 13 and b?
13
Suppose 0 = 30*d - 39*d + 882. What is the highest common factor of d and 35?
7
Let y be 42/(70/245*(-14)/(-8)). What is the highest common divisor of y and 96?
12
Suppose -1 = -6*g + 5*g, 4*r - 5*g - 67 = 0. Let a be 36/r - 1*3. Let y = a - -7. Calculate the greatest common divisor of 24 and y.
6
Let i be 95/7 - (-1860)/1302. Let t(w) = 23*w**2 + 2*w - 1. Let g be t(4). Calculate the highest common factor of i and g.
15
Let x be (-3 - -1 - -1)/((57/(-48462))/19). What is the greatest common factor of x and 82?
82
Suppose y + 5*u = 3*y - 19, 0 = -5*y - 3*u + 1. Suppose 0 = 4*l - 5*p - y, 7*l - 2*p = 2*l + 11. Calculate the greatest common divisor of l and 33.
3
Let c(l) = l**3 - 12*l**2 - 7*l + 4. Let m be c(11). Let d = 209 + m. Calculate the greatest common factor of d and 10.
5
Let l = -11527 + 11599. Let k be (-2 - (-2 + 1))*0. Suppose 9*h - l - 189 = k. What is the highest common factor of h and 58?
29
Let h(r) = 2852*r + 14408. Let a be h(-5). What is the greatest common divisor of a and 444?
148
Let u be 240464/570 - (-4)/30. Suppose u = 5*d - 2*k - 236, 4*d - 2*k - 528 = 0. What is the highest common divisor of d and 110?
10
Suppose -1750 = -8*m + m. Suppose 2*k = 0, 12*c - 30 = 9*c + 4*k. What is the greatest common factor of c and m?
10
Let n be (-40)/(-2) - 0/2. Suppose 0 = 23*t + 682 - 1142. Calculate the greatest common divisor of t and n.
20
Let m(t) = -2*t**3 - 22*t**2 + 9. Let i be m(-11). Let j be (-10)/(-4) - i/6. Let r(x) = 10*x + 2. Let z be r(j). What is the highest common divisor of 4 and z?
4
Suppose n = -4*m + 145, 0 = -5*m + 3*n - 19 + 196. Calculate the highest common divisor of m and 1206.
18
Let g be 10406/55 - (-1)/(-5). Suppose -2*w - g = -269. Calculate the highest common divisor of w and 5.
5
Suppose 3*c - 2*q = 43, -q = c + q - 1. Let p = 3809 + -3633. What is the greatest common divisor of c and p?
11
Let v(o) = o**3 + 6*o**2 + 4*o - 10. Let h be v(-4). Suppose 0 = -5*i + h*i + 3. Let m be (-6)/i*1 - 8/(-4). What is the highest common factor of m and 64?
4
Let x(p) = 224*p + 1626. Let s be x(-7). What is the greatest common factor of 56 and s?
2
Let j = 7031 - 6707. What is the highest common factor of 5 and j?
1
Let h(m) = -12*m**2 - 16*m + 43. Let t be h(3). Let l = 123 + t. Calculate the greatest common divisor of l and 170.
10
Let g(o) = o**2 - 16*o - 50. Let z(s) = 2*s**2 - 31*s - 99. Let i(b) = -5*g(b) + 3*z(b). Let d be i(-12). What is the greatest common divisor of d and 11?
11
Suppose -25*x + 1037 = -8*x. Suppose 0 = 3*o - 3*z - 39, -5*o + 0*z + x = -4*z. Calculate the greatest common divisor of o and 207.
9
Let b(x) = -178*x + 152. Let v be b(-1). Calculate the highest common divisor of v and 3190.
110
Suppose 0 = 5*w - 3*s - 163, 28*s = 27*s - 1. What is the highest common factor of w and 80?
16
Let m(c) = 2*c**3 + 3*c**2 - c + 348. Let a be m(0). Let p = a + -278. What is the highest common factor of 20 and p?
10
Suppose -5*u - 872 = -2*f, 70 - 52 = 3*u. What is the highest common factor of f and 66?
11
Let b = 390 - 230. Suppose 4*c + 40 = -156. Let w = c - -59. Calculate the greatest common divisor of w and b.
10
Let x be 117 + -10 - -1*1. Let b = x - 103. Suppose 4*u = 5*p + 207, 5*u + b*p + 28 = 253. Calculate the highest common divisor of u and 72.
24
Let m be (-1)/(-2)*(5 + -4)*32. Let f be -3 - (2 - -1)/((-23)/667). Let l = -68 + f. What is the highest common factor of m and l?
16
Let k = -1486 + 1545. Let b be 8500/18 + 4/(-18). Calculate the greatest common factor of k and b.
59
Let y be 1 + -1 + (-15 - -24 - -212). What is the greatest common factor of 793 and y?
13
Suppose 67*q + 53897 = 251145. What is the greatest common divisor of 2392 and q?
184
Suppose 90 = -2*q - 74. Let l = q - -110. Suppose f - 339 = -87. What is the greatest common divisor of f and l?
28
Let c = 1341 - 1274. What is the highest common divisor of c and 10117?
67
Suppose -105 = 9*d - 14*d. Let i = d + -6. Let j be 3/(i/545) + -4. What is the highest common divisor of 21 and j?
21
Let s be 78*(-2 - (25/(-10) - 0)). Suppose -a - 4*a = -15, 3*b - a = 87. Let k = s - b. Calculate the greatest common divisor of 9 and k.
9
Suppose 4*n = -28, -5*n - 11 + 1726 = 5*c. What is the greatest common divisor of c and 245?
35
Let a = 8 + -5. Suppose -4*g + 3 = a*h, -5*h + 4 = -g - 1. Let m = -30 - -32. What is the greatest common divisor of h and m?
1
Let g(u) = -2*u**3 + 9*u**2 + 10*u + 11. Let f be g(5). Suppose -1556 = -2*y - s, -4*y + 37*s + 3118 = f*s. Calculate the greatest common divisor of 41 and y.
41
Let v(a) = -22*a - 293. Let h be v(-39). Calculate the greatest common divisor of 791 and h.
113
Let t = 7106 - 6827. Calculate the highest common divisor of 297 and t.
9
Let w be -44*((-27)/(-54))/(1/(-1)). What is the highest common divisor of w and 5632?
22
Suppose -6*z + 260 = -4*z + 4*n, 2*n - 370 = -3*z. What is the greatest common factor of z and 288?
24
Suppose 2*c - c = 11. Let o = 975 - 7. Let z be 1*(-12)/((-96)/o). What is the greatest common factor of z and c?
11
Let x = 661 - 661. Suppose x = -j + 16*p - 14*p + 63, 196 = 3*j + p. What is the highest common factor of 169 and j?
13
Suppose 0 = 12*o + 2540 - 968. Let w = o - -137. Let v(y) = -y**2 + 5*y + 2. Let b be v(4). Calculate the highest common factor of b and w.
6
Suppose -50*p + 52*p - 3140 = -4*t, 5*p = -2*t + 1586. Calculate the greatest common factor of 999 and t.
27
Let b be ((-4 - -3)*-213)/((-102)/(-1666)). What is the highest common divisor of b and 71?
71
Let y = 4457 + -4151. Calculate the highest common factor of y and 1088.
34
Suppose -5*f + o + 22 = -0*f, 5*f - 28 = -o. Suppose 1083 = 8*s - f. Calculate the greatest common divisor of 17 and s.
17
Let m(p) = 58*p + 566. Let u be m(-9). Calculate the highest common factor of 6644 and u.
44
Let t(m) = 57*m**2 - 136*m - 272. Let b be t(-2). Calculate the highest common factor of 96 and b.
12
Suppose l = -10*o + 15314, 3*l - 794 - 720 = -o. Calculate the greatest common factor of o and 20.
4
Let p = 63 - 63. Suppose p = -64*n + 62*n + 2. Let i be (4 - (n - 0)) + 40. Calculate the greatest common divisor of 344 and i.
43
Let m be 10/((-80)/(-392)) - -1. Suppose 0 = -13*a + 18*a - 200. What is the highest common divisor of a and m?
10
Suppose 2*r + 5*u = -10 - 7, 5*r = -5*u - 35. Let p = 5 + r. Let j = 66 + p. What is the greatest common factor of 26 and j?
13
Let z(q) = 2*q + 1. Let l be z(-11). Let w be (24 - 0)*(l/(-28) + 2). What is the greatest common factor of w and 2?
2
Suppose 24502 = 3*f - 15*f + 93754. Calculate the highest common factor of f and 116.
29
Suppose 0*h = -4*h - 16, 0 = 3*s + 4*h + 13. Let k be 2 + (s - 3) + (-1 - -65). Let c be 4/((-4)/10 + k/60). Calculate the greatest common factor of 6 and c.
6
Let f(r) = 186*r**2 - 26*r - 58 + 62 + 23. Let a be f(1). Calculate the greatest common divisor of 11 and a.
11
Let z be (7 - 1)*183/18. Let i = -50 + z. What is the greatest common divisor of 22 and i?
11
Let b be (-1 + 841)*(-2 - 20/(-8)). What is the highest common factor of b and 24?
12
Let m(x) = 5 - 20 + x**2 - 5 - x. Let y be m(-6). What is the highest common factor of y and 242?
22
Suppose 3141*z = 3110*z + 8649. Let o be (-4)/(-14) - 305/(-35). What is the highest common divisor of o and z?
9
Suppose 64*n = -87*n + 2416. What is the highest common factor of n and 162?
2
Suppose 6*c + 2*c = -88. Let h = 7 - c. What is the highest common factor of h and 60?
6
Suppose -167 + 437 = 3*f. Let s = -531 + 571. Calculate the greatest common factor of s and f.
10
Let g be -159*-6*(-24)/(-27). Let z = g + -496. Calculate the highest common factor of z and 32.
32
Let p(c) = -2*c**2 + 25*c**2 - 12*c**2 + c**3 + 57 - 12*c**2. Suppose -3*g = 13*g - 19*g. Let d be p(g). What is the greatest common divisor of d and 171?
57
Let j = -6121 - -6146. Calculate the greatest common factor of 85 and j.
5
Suppose 0 = -621*x + 614*x + 952. Calculate the greatest common factor of x and 850.
34
Suppose -683*q - 24 = -686*q. Suppose -5*u - h = -676, -4*h = 3*u - 2*h - 400. What is the greatest common divisor of u and q?
8
Let q(m) = m**3 + 3*m**2 + 12. Let u be q(-4). Let x be (-2)/4 - 182/u*1. Calculate the greatest common facto